{"id":64,"date":"2006-02-01T22:15:04","date_gmt":"2006-02-01T21:15:04","guid":{"rendered":"http:\/\/cms.itpool.at\/wordpress\/?page_id=64"},"modified":"2006-02-02T00:51:30","modified_gmt":"2006-02-01T23:51:30","slug":"rohrenwurmer","status":"publish","type":"page","link":"https:\/\/www.maier-kern.com\/wordpress\/?page_id=64","title":{"rendered":"W\u00fcrmer"},"content":{"rendered":"<p>Auch in den Riffen tummeln sich verschiedenste W\u00fcrmer in unterschiedlichsten Erscheinungsformen. Der Riffaquarianer gewisse Gattungen von W\u00fcrmern in seinem Mini-Riff stets <strong>im Auge behalten<\/strong>.<\/p>\n<p>Manche Arten wie z.B. die <strong>R\u00f6hrenw\u00fcrmer <\/strong>sind nicht nur n\u00fctzlich, sondern auch optisch sch\u00f6n anzusehen. Andere Arten wie die <strong>Strudelw\u00fcrmer <\/strong>k\u00f6nnen zu einer echten Plage werden, und wiederum andere Arten wie die <strong>Borstenw\u00fcrmer <\/strong>sowohl n\u00fctzlich als auch ein m\u00f6gliche Bedrohung f\u00fcr Korallen.<\/p>\n<p>Alle bei mir im Mini-Riff vorhandenen W\u00fcrmer wurden \u00fcber das lebende Riffgestein eingebracht.<\/p>\n<h3>R\u00f6hrenwurm (<em>sabellastarte indica<\/em>)<\/h3>\n<p><img decoding=\"async\" id=\"image63\" alt=\"sabellastarte indica\" src=\"http:\/\/www.maier-kern.com\/wordpress\/wp-content\/uploads\/2006\/02\/DSC02043.JPG\" \/><\/p>\n<p>Eigentlich sehen sie ja gar nicht aus wie W\u00fcrmer, aber im Meer ist eben alles anders. Die R\u00f6hrenw\u00fcrmer leben in einer selbst gebauten <strong>Wohnr\u00f6hre aus Kalk<\/strong>, in der sie ihr ganzes Leben fristen. Das besondere an diesen W\u00fcrmern ist ihre wundersch\u00f6ne Tentakelkrone.<\/p>\n<p>Da sie ja <strong>bewegungsunf\u00e4hig <\/strong>sind, strecken sie ihre <strong>Tentakelkrone <\/strong>aus der R\u00f6hre und filtrieren somit Futter bzw. Schwebstoffe aus dem umstr\u00f6menden Wasser. Sobald sie genug gefangen haben, zieht der R\u00f6hrenwurm seine Tentakelkrone ein, und widmet sich der Verdauung.<\/p>\n<p><strong>Gr\u00f6\u00dfe<\/strong>:<br \/>\n1,5-2cm Durchmesser. Wird bis zu 20cm lang.<\/p>\n<p><strong>Futter<\/strong>:<br \/>\nFeinstes Zooplankton<\/p>\n<p><strong>Anforderungen<\/strong>:<br \/>\nGeringe Beleuchtungsst\u00e4rke, schwache wechselnde Str\u00f6mung.<\/p>\n<h3>Borstenwurm (<em>eunice sp.<\/em>)<\/h3>\n<p>Borstenw\u00fcrmer kommen praktisch in jeden Riffaquarium vor. Sie vertilgen Nahrungsreste und sind n\u00fctzlich bei der Bewegung bzw. <strong>Umschichtung des Bodengrundes<\/strong>. Andererseits stehen gro\u00dfe Exemplare im Verdacht, Korallen sehr geschickt von innen her aufzufressen. Wenn man die <strong>Fra\u00dfspuren <\/strong>entdeckt, ist es oftmals schon zu sp\u00e4t. Es ist daher eine Gradwanderung Borstenw\u00fcrmer im Becken zu &#8222;<em>pflegen<\/em>&#8222;.<\/p>\n<p>Dar\u00fcber hinaus sind Borstenw\u00fcrmer auch f\u00fcr den Menschen unangenehm. Bei der Ber\u00fchung mit blossen Fingern bleibt ein unangenehm <strong>nesselnder Stachel<\/strong> in der Haut stecken. Der Nesselschmerz h\u00f6rt meist erst nach einigen Tagen auf &#8211; daher sollten Borstenw\u00fcrmer immer mit der Pinzette aus dem Becken entfernt werden.<\/p>\n<p><strong>Gr\u00f6\u00dfe<\/strong>:<br \/>\nbis zu 20 cm<br \/>\n<strong>Futter<\/strong>:<br \/>\nArtemia, Mysis, Flockenfutter, Frostfutter<strong \/><\/p>\n<p><strong>Besonderheiten<\/strong>:<br \/>\nEnorm widerstandsf\u00e4hig.<\/p>\n","protected":false},"excerpt":{"rendered":"<p>Auch in den Riffen tummeln sich verschiedenste W\u00fcrmer in unterschiedlichsten Erscheinungsformen. Der Riffaquarianer gewisse Gattungen von W\u00fcrmern in seinem Mini-Riff stets im Auge behalten. Manche Arten wie z.B. die R\u00f6hrenw\u00fcrmer sind nicht nur n\u00fctzlich, sondern auch optisch sch\u00f6n anzusehen. Andere Arten wie die Strudelw\u00fcrmer k\u00f6nnen zu einer echten Plage werden, und wiederum andere Arten wie &hellip; <a href=\"https:\/\/www.maier-kern.com\/wordpress\/?page_id=64\" class=\"more-link\"><span class=\"screen-reader-text\">W\u00fcrmer<\/span> weiterlesen <span class=\"meta-nav\">&rarr;<\/span><\/a><\/p>\n","protected":false},"author":2,"featured_media":0,"parent":29,"menu_order":0,"comment_status":"open","ping_status":"open","template":"","meta":{"footnotes":""},"class_list":["post-64","page","type-page","status-publish","hentry"],"_links":{"self":[{"href":"https:\/\/www.maier-kern.com\/wordpress\/index.php?rest_route=\/wp\/v2\/pages\/64","targetHints":{"allow":["GET"]}}],"collection":[{"href":"https:\/\/www.maier-kern.com\/wordpress\/index.php?rest_route=\/wp\/v2\/pages"}],"about":[{"href":"https:\/\/www.maier-kern.com\/wordpress\/index.php?rest_route=\/wp\/v2\/types\/page"}],"author":[{"embeddable":true,"href":"https:\/\/www.maier-kern.com\/wordpress\/index.php?rest_route=\/wp\/v2\/users\/2"}],"replies":[{"embeddable":true,"href":"https:\/\/www.maier-kern.com\/wordpress\/index.php?rest_route=%2Fwp%2Fv2%2Fcomments&post=64"}],"version-history":[{"count":0,"href":"https:\/\/www.maier-kern.com\/wordpress\/index.php?rest_route=\/wp\/v2\/pages\/64\/revisions"}],"up":[{"embeddable":true,"href":"https:\/\/www.maier-kern.com\/wordpress\/index.php?rest_route=\/wp\/v2\/pages\/29"}],"wp:attachment":[{"href":"https:\/\/www.maier-kern.com\/wordpress\/index.php?rest_route=%2Fwp%2Fv2%2Fmedia&parent=64"}],"curies":[{"name":"wp","href":"https:\/\/api.w.org\/{rel}","templated":true}]}}