{"id":26,"date":"2006-02-01T00:39:58","date_gmt":"2006-01-31T23:39:58","guid":{"rendered":"http:\/\/cms.itpool.at\/wordpress\/?page_id=26"},"modified":"2022-04-05T14:48:15","modified_gmt":"2022-04-05T13:48:15","slug":"meine-fische","status":"publish","type":"page","link":"https:\/\/www.maier-kern.com\/wordpress\/?page_id=26","title":{"rendered":"Meine Fische"},"content":{"rendered":"<p>Eine gro\u00dfe Herausforderung f\u00fcr den Aquarianer ist oftmals die richtige Fischauswahl. Hier gab es f\u00fcr mich folgende Faktoren zu bedenken:<\/p>\n<ul>\n<li>Welche Fische f\u00fchlen sich in einem 250l Mini-Riff wohl ?<\/li>\n<li>Hat der Fisch in einem Aquarium gute \u00dcberlebenschancen ?<\/li>\n<li>Ben\u00f6tigt der Fisch ein ausgefallenes oder schwer zubereitbares Futter ?<\/li>\n<li>Ist der Fisch ein Einzelg\u00e4nger oder lebt er im Schwarm ?<\/li>\n<li>Mit welchen anderen Fischen und Korallen kann man ihn vergesellschaften ?<\/li>\n<li>Welche Rolle spielt der Fisch im Aquarium ?<\/li>\n<li>&#8230;und passt der Fisch optisch ins Erscheinungsbild ?<\/li>\n<\/ul>\n<p>Auf Grund meiner Aquariengr\u00f6\u00dfe und meiner noch fehlenden Erfahrung habe ich mich entschlossen, ausschlie\u00dflich &#8222;<em>pflegeleichte<\/em>&#8220; Fische im Mini-Riff zu pflegen, sich auch darin wohlf\u00fchlen.<\/p>\n<div style=\"text-align: center\"><img loading=\"lazy\" decoding=\"async\" width=\"420\" height=\"278\" id=\"image25\" alt=\"Paracanthurus heparus\" src=\"http:\/\/www.maier-kern.com\/wordpress\/wp-content\/uploads\/2006\/02\/paracanthurus%20heparus.jpg\" \/><\/div>\n<div align=\"center\"><em>Leider zu gro\u00df f\u00fcr mein Aquarium:<\/em><br \/>\n<em> Der Palettendoktorfisch (paracanthurus heparus)<\/em><\/div>\n","protected":false},"excerpt":{"rendered":"<p>Eine gro\u00dfe Herausforderung f\u00fcr den Aquarianer ist oftmals die richtige Fischauswahl. Hier gab es f\u00fcr mich folgende Faktoren zu bedenken: Welche Fische f\u00fchlen sich in einem 250l Mini-Riff wohl ? Hat der Fisch in einem Aquarium gute \u00dcberlebenschancen ? Ben\u00f6tigt der Fisch ein ausgefallenes oder schwer zubereitbares Futter ? Ist der Fisch ein Einzelg\u00e4nger oder &hellip; <a href=\"https:\/\/www.maier-kern.com\/wordpress\/?page_id=26\" class=\"more-link\"><span class=\"screen-reader-text\">Meine Fische<\/span> weiterlesen <span class=\"meta-nav\">&rarr;<\/span><\/a><\/p>\n","protected":false},"author":2,"featured_media":0,"parent":20,"menu_order":1,"comment_status":"open","ping_status":"open","template":"","meta":{"footnotes":""},"class_list":["post-26","page","type-page","status-publish","hentry"],"_links":{"self":[{"href":"https:\/\/www.maier-kern.com\/wordpress\/index.php?rest_route=\/wp\/v2\/pages\/26","targetHints":{"allow":["GET"]}}],"collection":[{"href":"https:\/\/www.maier-kern.com\/wordpress\/index.php?rest_route=\/wp\/v2\/pages"}],"about":[{"href":"https:\/\/www.maier-kern.com\/wordpress\/index.php?rest_route=\/wp\/v2\/types\/page"}],"author":[{"embeddable":true,"href":"https:\/\/www.maier-kern.com\/wordpress\/index.php?rest_route=\/wp\/v2\/users\/2"}],"replies":[{"embeddable":true,"href":"https:\/\/www.maier-kern.com\/wordpress\/index.php?rest_route=%2Fwp%2Fv2%2Fcomments&post=26"}],"version-history":[{"count":0,"href":"https:\/\/www.maier-kern.com\/wordpress\/index.php?rest_route=\/wp\/v2\/pages\/26\/revisions"}],"up":[{"embeddable":true,"href":"https:\/\/www.maier-kern.com\/wordpress\/index.php?rest_route=\/wp\/v2\/pages\/20"}],"wp:attachment":[{"href":"https:\/\/www.maier-kern.com\/wordpress\/index.php?rest_route=%2Fwp%2Fv2%2Fmedia&parent=26"}],"curies":[{"name":"wp","href":"https:\/\/api.w.org\/{rel}","templated":true}]}}