{"id":18,"date":"2006-01-31T23:30:14","date_gmt":"2006-01-31T22:30:14","guid":{"rendered":"http:\/\/cms.itpool.at\/wordpress\/?page_id=18"},"modified":"2006-01-31T23:30:14","modified_gmt":"2006-01-31T22:30:14","slug":"wartung","status":"publish","type":"page","link":"https:\/\/www.maier-kern.com\/wordpress\/?page_id=18","title":{"rendered":"Wartung"},"content":{"rendered":"<p>Zumindest 10 Minuten pro Tag muss man seinem Meeresaquarium an Zeit opfern, damit es auch stabil bleibt und funktioniert. Daf\u00fcr wird man mit einem tollen Ausblick im Wohnzimmer auf sein privates Korallenriff belohnt.<\/p>\n<div align=\"center\"><img loading=\"lazy\" decoding=\"async\" width=\"240\" height=\"179\" alt=\"Lysamata Amboinensis\" id=\"image17\" src=\"http:\/\/www.maier-kern.com\/wordpress\/wp-content\/uploads\/2006\/01\/lysamata%20amboinensis.JPG\" \/><\/div>\n<div align=\"center\"><em>Die Putzkolonne im Aquarium:<br \/>\nWeissbandputzergarnelen (lysamata amboinensis)<\/em><\/div>\n<p>Folgende Wartungsarbeiten f\u00fchre ich regelm\u00e4\u00dfig durch:<\/p>\n<p><strong>T\u00e4glich<\/strong>:<\/p>\n<ul>\n<li>Funktionskontrolle aller Ger\u00e4te<\/li>\n<li>Temperaturcheck des Wasser<\/li>\n<li>Optische Kontrolle des Riffs<\/li>\n<li>Nahrungsversorgung des Riffs (2x t\u00e4glich)<\/li>\n<li>Ggf. Reinigen der Glascheiben<\/li>\n<li>Nachf\u00fcllen des verdunsteten Wassers<\/li>\n<\/ul>\n<p><strong>W\u00f6chentlich<\/strong>:<\/p>\n<ul>\n<li>Ggf. Messen der Wasserwerte<\/li>\n<li>Nachdosieren von Spurenelementen<\/li>\n<\/ul>\n<p><strong>Monatlich<\/strong>:<\/p>\n<ul>\n<li>Reinigen der Schnellfilterpatrone<\/li>\n<li>Reinigen des Absch\u00e4umers<\/li>\n<\/ul>\n<p><strong>Alle 2 Monate<\/strong>:<\/p>\n<ul>\n<li>20%iger Wasserwechsel<\/li>\n<\/ul>\n<p><strong>Halbj\u00e4hrlich<\/strong>:<\/p>\n<ul>\n<li>Generalreinigung aller Pumpen und des Absch\u00e4umers<\/li>\n<\/ul>\n","protected":false},"excerpt":{"rendered":"<p>Zumindest 10 Minuten pro Tag muss man seinem Meeresaquarium an Zeit opfern, damit es auch stabil bleibt und funktioniert. Daf\u00fcr wird man mit einem tollen Ausblick im Wohnzimmer auf sein privates Korallenriff belohnt. Die Putzkolonne im Aquarium: Weissbandputzergarnelen (lysamata amboinensis) Folgende Wartungsarbeiten f\u00fchre ich regelm\u00e4\u00dfig durch: T\u00e4glich: Funktionskontrolle aller Ger\u00e4te Temperaturcheck des Wasser Optische Kontrolle &hellip; <a href=\"https:\/\/www.maier-kern.com\/wordpress\/?page_id=18\" class=\"more-link\"><span class=\"screen-reader-text\">Wartung<\/span> weiterlesen <span class=\"meta-nav\">&rarr;<\/span><\/a><\/p>\n","protected":false},"author":2,"featured_media":0,"parent":5,"menu_order":3,"comment_status":"open","ping_status":"open","template":"","meta":{"footnotes":""},"class_list":["post-18","page","type-page","status-publish","hentry"],"_links":{"self":[{"href":"https:\/\/www.maier-kern.com\/wordpress\/index.php?rest_route=\/wp\/v2\/pages\/18","targetHints":{"allow":["GET"]}}],"collection":[{"href":"https:\/\/www.maier-kern.com\/wordpress\/index.php?rest_route=\/wp\/v2\/pages"}],"about":[{"href":"https:\/\/www.maier-kern.com\/wordpress\/index.php?rest_route=\/wp\/v2\/types\/page"}],"author":[{"embeddable":true,"href":"https:\/\/www.maier-kern.com\/wordpress\/index.php?rest_route=\/wp\/v2\/users\/2"}],"replies":[{"embeddable":true,"href":"https:\/\/www.maier-kern.com\/wordpress\/index.php?rest_route=%2Fwp%2Fv2%2Fcomments&post=18"}],"version-history":[{"count":0,"href":"https:\/\/www.maier-kern.com\/wordpress\/index.php?rest_route=\/wp\/v2\/pages\/18\/revisions"}],"up":[{"embeddable":true,"href":"https:\/\/www.maier-kern.com\/wordpress\/index.php?rest_route=\/wp\/v2\/pages\/5"}],"wp:attachment":[{"href":"https:\/\/www.maier-kern.com\/wordpress\/index.php?rest_route=%2Fwp%2Fv2%2Fmedia&parent=18"}],"curies":[{"name":"wp","href":"https:\/\/api.w.org\/{rel}","templated":true}]}}